{"id":423,"date":"2016-06-15T15:55:06","date_gmt":"2016-06-15T15:55:06","guid":{"rendered":"http:\/\/coisinhaverde.com\/jogos\/?page_id=423"},"modified":"2019-03-04T01:40:51","modified_gmt":"2019-03-04T04:40:51","slug":"motim-pirata","status":"publish","type":"page","link":"https:\/\/coisinhaverde.com.br\/jogos\/motim-pirata\/","title":{"rendered":"Motim Pirata"},"content":{"rendered":"<p>Neste jogo, voc\u00ea \u00e9 um marujo no navio de um grande capit\u00e3o pirata. Cada jogador deve conquistar a lealdade de outros marujos para aderir ao seu motim. Aquele que conseguir realizar um motim, conquista o navio e ganha o jogo!<\/p>\n<p>Para jogar Motim Pirata, voc\u00ea vai precisar de v\u00e1rios dados (entre 19 a 37), divididos em cores: vermelho (entre 9 a 18), azul (entre 3 a 6), verde (entre 3 a 6) e branco (entre 3 a 6). E mais um dado diferenciado (preto) que representar\u00e1 o capit\u00e3o do navio. A quantidade varia com o n\u00famero de jogadores (ideal entre 3 a 6 jogadores).<\/p>\n<p>Cada cor representa um tipo de marujo e sua ocupa\u00e7\u00e3o no navio. Os vermelhos s\u00e3o os Brig\u00f5es (Rufi\u00e3o), e servem para vencer o motim e para assassinar outros marujos. Os azuis s\u00e3o os Patifes, e com eles voc\u00ea conquista mais marujos para a sua causa. Os verdes s\u00e3o os Bucha de Canh\u00e3o, e n\u00e3o servem para quase nada. Os brancos s\u00e3o os lideres dos motins (os jogadores) e tem a mesma fun\u00e7\u00e3o que os patifes e brig\u00f5es.<\/p>\n<h1>O Jogo<\/h1>\n<p><span style=\"color: #333333;\">Para come\u00e7ar, deve-se rolar todos os dados (exceto os brancos) no centro da mesa e deixa-los desta maneira (o resultado dos dados devem ser mantidos em todo o decorrer do jogo). Cada um ent\u00e3o pega um dado branco e rola na sua frente, o que tiver o menor resultado come\u00e7a e o jogo segue em sentido hor\u00e1rio.<\/span><\/p>\n<p><span style=\"color: #333333;\">No seu turno, o jogador deve rolar todos os dados em sua posse na sua frente, e ent\u00e3o escolher um dos dados para realizar uma a\u00e7\u00e3o. A melhor escolha \u00e9 sempre dos dados com maior resultado, mas a cor poder\u00e1 definir a sua estrat\u00e9gia.<\/span><\/p>\n<p><span style=\"color: #333333;\"><b>Patife (dado azul)<\/b>: Pode adicionar um dos dados do centro da mesa para sua m\u00e3o. Escolha qualquer dado (exceto o do capit\u00e3o) que seja igual ou inferior do seu resultado.<\/span><br \/>\n<span style=\"color: #333333;\"> <b>Brig\u00e3o (dado vermelho)<\/b>: Escolha qualquer dado de qualquer local (incluindo da mesa dos outros jogadores) que seja igual ou inferior ao seu resultado (exceto dado branco ou preto). Este dado dever\u00e1 ent\u00e3o ser removido do jogo.<\/span><br \/>\n<span style=\"color: #333333;\"> <b>Bucha de Canh\u00e3o (dado verde)<\/b>: N\u00e3o faz nenhuma a\u00e7\u00e3o. Mas ser\u00e1 sempre o primeiro alvo de um assassinato contra um dos seus marujos.<\/span><\/p>\n<p><span style=\"color: #333333;\">Antes de rolar seus dados, voc\u00ea pode optar por tentar realizar um motim. Se for este o caso, role o seu dado branco e todos seus dados vermelhos e some tudo. Se o resultado for igual ou maior que a soma de todos os dados do centro da mesa, voc\u00ea realizou o motim e ganhou o jogo, caso contr\u00e1rio, role o dado do capit\u00e3o. O resultado \u00e9 o numero de dados seus perdidos na tentativa fracassada de motim. Voc\u00ea poder\u00e1 escolhe os dados que perder\u00e1 e estes ir\u00e3o para o centro da mesa. Se voc\u00ea perder o dado branco, voc\u00ea ir\u00e1 para a prancha e ser\u00e1 eliminado do jogo.<\/span><\/p>\n","protected":false},"excerpt":{"rendered":"<p>Neste jogo, voc\u00ea \u00e9 um marujo no navio de um grande capit\u00e3o pirata. Cada jogador deve conquistar a lealdade de outros marujos para aderir ao seu motim. Aquele que conseguir realizar um motim, conquista o navio e ganha o jogo! Para jogar Motim Pirata, voc\u00ea vai precisar de v\u00e1rios dados (entre 19 a 37), divididos &hellip; <\/p>\n","protected":false},"author":1,"featured_media":0,"parent":0,"menu_order":26,"comment_status":"closed","ping_status":"closed","template":"","meta":[],"_links":{"self":[{"href":"https:\/\/coisinhaverde.com.br\/jogos\/wp-json\/wp\/v2\/pages\/423"}],"collection":[{"href":"https:\/\/coisinhaverde.com.br\/jogos\/wp-json\/wp\/v2\/pages"}],"about":[{"href":"https:\/\/coisinhaverde.com.br\/jogos\/wp-json\/wp\/v2\/types\/page"}],"author":[{"embeddable":true,"href":"https:\/\/coisinhaverde.com.br\/jogos\/wp-json\/wp\/v2\/users\/1"}],"replies":[{"embeddable":true,"href":"https:\/\/coisinhaverde.com.br\/jogos\/wp-json\/wp\/v2\/comments?post=423"}],"version-history":[{"count":0,"href":"https:\/\/coisinhaverde.com.br\/jogos\/wp-json\/wp\/v2\/pages\/423\/revisions"}],"wp:attachment":[{"href":"https:\/\/coisinhaverde.com.br\/jogos\/wp-json\/wp\/v2\/media?parent=423"}],"curies":[{"name":"wp","href":"https:\/\/api.w.org\/{rel}","templated":true}]}}