{"id":221,"date":"2016-02-26T15:26:45","date_gmt":"2016-02-26T15:26:45","guid":{"rendered":"http:\/\/coisinhaverde.com\/jogos\/?page_id=221"},"modified":"2022-06-14T10:30:13","modified_gmt":"2022-06-14T13:30:13","slug":"contato","status":"publish","type":"page","link":"https:\/\/coisinhaverde.com.br\/jogos\/contato\/","title":{"rendered":""},"content":{"rendered":"<h2 align=\"center\"><i class=\"wp-svg-bubbles bubbles\"><\/i> Ajuda? Fale com a gente!<\/h2>\n<blockquote><p><span style=\"color: #333333;\"> Mande aqui sua mensagem, d\u00favida ou sugest\u00e3o. Responderemos seu contato assim que poss\u00edvel.<\/span><\/p><\/blockquote>\n\n<div class=\"wpcf7 no-js\" id=\"wpcf7-f2057-o1\" lang=\"pt-BR\" dir=\"ltr\">\n<div class=\"screen-reader-response\"><p role=\"status\" aria-live=\"polite\" aria-atomic=\"true\"><\/p> <ul><\/ul><\/div>\n<form action=\"\/jogos\/wp-json\/wp\/v2\/pages\/221#wpcf7-f2057-o1\" method=\"post\" class=\"wpcf7-form init\" aria-label=\"Formul\u00e1rios de contato\" novalidate=\"novalidate\" data-status=\"init\">\n<div style=\"display: none;\">\n<input type=\"hidden\" name=\"_wpcf7\" value=\"2057\" \/>\n<input type=\"hidden\" name=\"_wpcf7_version\" value=\"5.7.7\" \/>\n<input type=\"hidden\" name=\"_wpcf7_locale\" value=\"pt_BR\" \/>\n<input type=\"hidden\" name=\"_wpcf7_unit_tag\" value=\"wpcf7-f2057-o1\" \/>\n<input type=\"hidden\" name=\"_wpcf7_container_post\" value=\"0\" \/>\n<input type=\"hidden\" name=\"_wpcf7_posted_data_hash\" value=\"\" \/>\n<input type=\"hidden\" name=\"_wpcf7_recaptcha_response\" value=\"\" \/>\n<\/div>\n<p><label> Seu nome<br \/>\n<span class=\"wpcf7-form-control-wrap\" data-name=\"your-name\"><input size=\"40\" class=\"wpcf7-form-control wpcf7-text wpcf7-validates-as-required\" aria-required=\"true\" aria-invalid=\"false\" value=\"\" type=\"text\" name=\"your-name\" \/><\/span> <\/label>\n<\/p>\n<p><label> Seu e-mail<br \/>\n<span class=\"wpcf7-form-control-wrap\" data-name=\"your-email\"><input size=\"40\" class=\"wpcf7-form-control wpcf7-text wpcf7-email wpcf7-validates-as-required wpcf7-validates-as-email\" aria-required=\"true\" aria-invalid=\"false\" value=\"\" type=\"email\" name=\"your-email\" \/><\/span> <\/label>\n<\/p>\n<p><label> Assunto<br \/>\n<span class=\"wpcf7-form-control-wrap\" data-name=\"your-subject\"><input size=\"40\" class=\"wpcf7-form-control wpcf7-text wpcf7-validates-as-required\" aria-required=\"true\" aria-invalid=\"false\" value=\"\" type=\"text\" name=\"your-subject\" \/><\/span> <\/label>\n<\/p>\n<p><label> Sua mensagem (opcional)<br \/>\n<span class=\"wpcf7-form-control-wrap\" data-name=\"your-message\"><textarea cols=\"40\" rows=\"10\" class=\"wpcf7-form-control wpcf7-textarea\" aria-invalid=\"false\" name=\"your-message\"><\/textarea><\/span> <\/label>\n<\/p>\n<p><input class=\"wpcf7-form-control has-spinner wpcf7-submit\" type=\"submit\" value=\"Enviar\" \/>\n<\/p>\n<p style=\"display: none !important;\"><label>&#916;<textarea name=\"_wpcf7_ak_hp_textarea\" cols=\"45\" rows=\"8\" maxlength=\"100\"><\/textarea><\/label><input type=\"hidden\" id=\"ak_js_1\" name=\"_wpcf7_ak_js\" value=\"165\"\/><script>document.getElementById( \"ak_js_1\" ).setAttribute( \"value\", ( new Date() ).getTime() );<\/script><\/p><div class=\"wpcf7-response-output\" aria-hidden=\"true\"><\/div>\n<\/form>\n<\/div>\n\n","protected":false},"excerpt":{"rendered":"<p>Ajuda? Fale com a gente! Mande aqui sua mensagem, d\u00favida ou sugest\u00e3o. Responderemos seu contato assim que poss\u00edvel.<\/p>\n","protected":false},"author":1,"featured_media":0,"parent":0,"menu_order":17,"comment_status":"closed","ping_status":"closed","template":"","meta":[],"_links":{"self":[{"href":"https:\/\/coisinhaverde.com.br\/jogos\/wp-json\/wp\/v2\/pages\/221"}],"collection":[{"href":"https:\/\/coisinhaverde.com.br\/jogos\/wp-json\/wp\/v2\/pages"}],"about":[{"href":"https:\/\/coisinhaverde.com.br\/jogos\/wp-json\/wp\/v2\/types\/page"}],"author":[{"embeddable":true,"href":"https:\/\/coisinhaverde.com.br\/jogos\/wp-json\/wp\/v2\/users\/1"}],"replies":[{"embeddable":true,"href":"https:\/\/coisinhaverde.com.br\/jogos\/wp-json\/wp\/v2\/comments?post=221"}],"version-history":[{"count":3,"href":"https:\/\/coisinhaverde.com.br\/jogos\/wp-json\/wp\/v2\/pages\/221\/revisions"}],"predecessor-version":[{"id":2265,"href":"https:\/\/coisinhaverde.com.br\/jogos\/wp-json\/wp\/v2\/pages\/221\/revisions\/2265"}],"wp:attachment":[{"href":"https:\/\/coisinhaverde.com.br\/jogos\/wp-json\/wp\/v2\/media?parent=221"}],"curies":[{"name":"wp","href":"https:\/\/api.w.org\/{rel}","templated":true}]}}